{"id":893,"date":"2017-09-29T18:31:49","date_gmt":"2017-09-29T16:31:49","guid":{"rendered":"http:\/\/www.fogueretes.com\/en\/festes-del-miracle\/"},"modified":"2025-04-03T13:07:28","modified_gmt":"2025-04-03T11:07:28","slug":"festes-del-miracle","status":"publish","type":"page","link":"https:\/\/www.fogueretes.com\/en\/festes-del-miracle\/","title":{"rendered":"Festes del Miracle"},"content":{"rendered":"<div class=\"fw-page-builder-content\">\n<p class=\"rs-p-wp-fix\">\n<p> <img decoding=\"async\" src=\"\/\/www.fogueretes.com\/wp-content\/uploads\/2017\/09\/origen-header.jpg\" alt=\"\" title=\"Festes del Miracle\" class=\"rev-slidebg tp-rs-img\" data-no-retina><br \/>\n setREVStartSize({c: &#8216;rev_slider_11_1&#8242;,rl:[1240,1024,778,480],el:[],gw:[1140],gh:[525],type:&#8217;standard&#8217;,justify:&#8221;,layout:&#8217;fullwidth&#8217;,mh:&#8221;0&#8243;});if (window.RS_MODULES!==undefined &#038;&#038; window.RS_MODULES.modules!==undefined &#038;&#038; window.RS_MODULES.modules[&#8220;revslider111&#8221;]!==undefined) {window.RS_MODULES.modules[&#8220;revslider111&#8221;].once = false;window.revapi11 = undefined;if (window.RS_MODULES.checkMinimal!==undefined) window.RS_MODULES.checkMinimal()}<\/p>\n<h1 class=\"\" style=\"color: #ffffff\">Festes del Miracle<\/h1>\n<p>La Nit de les Fogueretes es el primer acte de les Festes del Miracle<\/p>\n<p>Durant tot el cap de setmana s&#8217;intercalen actes de caire religi\u00f3s, com processons, misses i la serenata en honor al Crist de la Salut, amb activitats l\u00fadiques dedicades als xiquets i xiquetes, pasacarrers, orquestres i castells de focs artificials.<\/p>\n<p>BALLS TRADICIONALS<\/p>\n<p>D&#8217;entre la programaci\u00f3 destaca una dans\u00e0 centen\u00e0ria que se celebra el dissabte i que te com a marc de fons la pla\u00e7a Major. Per la vesprada es el torn dels m\u00e9s menuts amb la dans\u00e0 infantil, i a les 23:30h la dans\u00e0 popular, que sempre congrega un nombr\u00f3s p\u00fablic.<\/p>\n<p>Al ritme del tabal i de la banda de m\u00fasica, els ballaors i ballaores van eixint a la pla\u00e7a per a entrecreuar-se, mentre els espectadors conformen al voltant un gran cercle, asseguts i de peu. Tot junt, resulta un espectacle ple de vistositat, de girs r\u00edtmics i coreografiats, i faldes al vol.<\/p>\n<p>&nbsp;<\/p>\n<p><img decoding=\"async\" src=\"\/\/www.fogueretes.com\/\/wp-content\/uploads\/2017\/09\/agullent-festes-miracle.jpg\" alt=\"\/\/www.fogueretes.com\/\/wp-content\/uploads\/2017\/09\/agullent-festes-miracle.jpg\" \/><\/p>\n<p><!-- c57ae0ebd37ea72d814cea9cac002e89 --><\/div>\n","protected":false},"excerpt":{"rendered":"<p>setREVStartSize({c: &#8216;rev_slider_11_1&#8242;,rl:[1240,1024,778,480],el:[],gw:[1140],gh:[525],type:&#8217;standard&#8217;,justify:&#8221;,layout:&#8217;fullwidth&#8217;,mh:&#8221;0&#8243;});if (window.RS_MODULES!==undefined &#038;&#038; window.RS_MODULES.modules!==undefined &#038;&#038; window.RS_MODULES.modules[&#8220;revslider111&#8221;]!==undefined) {window.RS_MODULES.modules[&#8220;revslider111&#8221;].once = false;window.revapi11 = undefined;if (window.RS_MODULES.checkMinimal!==undefined) window.RS_MODULES.checkMinimal()} Festes del Miracle La Nit de les Fogueretes es el primer acte de les Festes del Miracle Durant tot el cap de setmana s&#8217;intercalen actes de caire religi\u00f3s, com processons, misses i la serenata en honor al Crist de la Salut, [&hellip;]<\/p>\n","protected":false},"author":2,"featured_media":0,"parent":0,"menu_order":0,"comment_status":"closed","ping_status":"closed","template":"page-template-custom.php","meta":{"footnotes":""},"class_list":["post-893","page","type-page","status-publish","hentry"],"_links":{"self":[{"href":"https:\/\/www.fogueretes.com\/en\/wp-json\/wp\/v2\/pages\/893","targetHints":{"allow":["GET"]}}],"collection":[{"href":"https:\/\/www.fogueretes.com\/en\/wp-json\/wp\/v2\/pages"}],"about":[{"href":"https:\/\/www.fogueretes.com\/en\/wp-json\/wp\/v2\/types\/page"}],"author":[{"embeddable":true,"href":"https:\/\/www.fogueretes.com\/en\/wp-json\/wp\/v2\/users\/2"}],"replies":[{"embeddable":true,"href":"https:\/\/www.fogueretes.com\/en\/wp-json\/wp\/v2\/comments?post=893"}],"version-history":[{"count":2,"href":"https:\/\/www.fogueretes.com\/en\/wp-json\/wp\/v2\/pages\/893\/revisions"}],"predecessor-version":[{"id":915,"href":"https:\/\/www.fogueretes.com\/en\/wp-json\/wp\/v2\/pages\/893\/revisions\/915"}],"wp:attachment":[{"href":"https:\/\/www.fogueretes.com\/en\/wp-json\/wp\/v2\/media?parent=893"}],"curies":[{"name":"wp","href":"https:\/\/api.w.org\/{rel}","templated":true}]}}

<div class="fw-page-builder-content">
<p class="rs-p-wp-fix">
<p> <img decoding="async" src="//www.fogueretes.com/wp-content/uploads/2017/09/origen-header.jpg" alt="" title="Festes del Miracle" class="rev-slidebg tp-rs-img" data-no-retina><br />
 setREVStartSize({c: &#8216;rev_slider_11_1&#8242;,rl:[1240,1024,778,480],el:[],gw:[1140],gh:[525],type:&#8217;standard&#8217;,justify:&#8221;,layout:&#8217;fullwidth&#8217;,mh:&#8221;0&#8243;});if (window.RS_MODULES!==undefined &#038;&#038; window.RS_MODULES.modules!==undefined &#038;&#038; window.RS_MODULES.modules[&#8220;revslider111&#8221;]!==undefined) {window.RS_MODULES.modules[&#8220;revslider111&#8221;].once = false;window.revapi11 = undefined;if (window.RS_MODULES.checkMinimal!==undefined) window.RS_MODULES.checkMinimal()}</p>
<h1 class="" style="color: #ffffff">Festes del Miracle</h1>
<p>La Nit de les Fogueretes es el primer acte de les Festes del Miracle</p>
<p>Durant tot el cap de setmana s&#8217;intercalen actes de caire religiós, com processons, misses i la serenata en honor al Crist de la Salut, amb activitats lúdiques dedicades als xiquets i xiquetes, pasacarrers, orquestres i castells de focs artificials.</p>
<p>BALLS TRADICIONALS</p>
<p>D&#8217;entre la programació destaca una dansà centenària que se celebra el dissabte i que te com a marc de fons la plaça Major. Per la vesprada es el torn dels més menuts amb la dansà infantil, i a les 23:30h la dansà popular, que sempre congrega un nombrós públic.</p>
<p>Al ritme del tabal i de la banda de música, els ballaors i ballaores van eixint a la plaça per a entrecreuar-se, mentre els espectadors conformen al voltant un gran cercle, asseguts i de peu. Tot junt, resulta un espectacle ple de vistositat, de girs rítmics i coreografiats, i faldes al vol.</p>
<p>&nbsp;</p>
<p><img decoding="async" src="//www.fogueretes.com//wp-content/uploads/2017/09/agullent-festes-miracle.jpg" alt="//www.fogueretes.com//wp-content/uploads/2017/09/agullent-festes-miracle.jpg" /></p>
<p><!-- c57ae0ebd37ea72d814cea9cac002e89 --></div>

<p>setREVStartSize({c: &#8216;rev_slider_11_1&#8242;,rl:[1240,1024,778,480],el:[],gw:[1140],gh:[525],type:&#8217;standard&#8217;,justify:&#8221;,layout:&#8217;fullwidth&#8217;,mh:&#8221;0&#8243;});if (window.RS_MODULES!==undefined &#038;&#038; window.RS_MODULES.modules!==undefined &#038;&#038; window.RS_MODULES.modules[&#8220;revslider111&#8221;]!==undefined) {window.RS_MODULES.modules[&#8220;revslider111&#8221;].once = false;window.revapi11 = undefined;if (window.RS_MODULES.checkMinimal!==undefined) window.RS_MODULES.checkMinimal()} Festes del Miracle La Nit de les Fogueretes es el primer acte de les Festes del Miracle Durant tot el cap de setmana s&#8217;intercalen actes de caire religiós, com processons, misses i la serenata en honor al Crist de la Salut, [&hellip;]</p>
